{"id":2189,"date":"2023-03-16T20:20:47","date_gmt":"2023-03-16T20:20:47","guid":{"rendered":"https:\/\/jmverav.com\/?page_id=2189"},"modified":"2023-03-16T20:57:16","modified_gmt":"2023-03-16T20:57:16","slug":"curso-3","status":"publish","type":"page","link":"https:\/\/jmverav.com\/index.php\/curso-3\/","title":{"rendered":"CURSO 3"},"content":{"rendered":"<section class=\"wpb-content-wrapper\"><p>[vc_row][vc_column][vc_single_image image=\u00bb2187&#8243; img_size=\u00bbfull\u00bb alignment=\u00bbcenter\u00bb][vc_empty_space height=\u00bb20px\u00bb][vc_custom_heading text=\u00bb<br \/>\nCurso &#8211; Taller 3.  Construye tu propuesta de valor. Ofrece lo que m\u00e1s valora y m\u00e1s necesita<br \/>\n\u00bb font_container=\u00bbtag:h3|text_align:left|color:%23053d57&#8243; google_fonts=\u00bbfont_family:Archivo%20Black%3Aregular|font_style:400%20regular%3A400%3Anormal\u00bb][\/vc_column][\/vc_row][vc_row][vc_column width=\u00bb5\/6&#8243;][vc_column_text]<strong>Descripci\u00f3n.<\/strong> Con este curso lograr\u00e1s definir los productos que deseas ofrecer, identificar qu\u00e9 problemas de tus clientes solucionan y con qu\u00e9 elementos incrementar su satisfacci\u00f3n.\u00a0 Priorizar\u00e1s los elementos de m\u00e1s valor y al contrastarlo con el perfil del Cliente, lograr\u00e1s definir cu\u00e1l es el conjunto de productos y servicios (propuesta de valor) que maximiza el valor recibido por tus clientes y te dirige a un negocio rentable.[\/vc_column_text][vc_column_text]<\/p>\n<h5><span style=\"color: #053d57;\"><strong>Temario.<\/strong><\/span><\/h5>\n<ul>\n<li>Diferentes necesidades, diferentes soluciones. Clientes buscan soluciones pr\u00e1cticas no caracter\u00edsticas simp\u00e1ticas.<\/li>\n<li>Mapa de la propuesta de calor. Tu herramienta para ofrecer lo m\u00e1s valioso para tu cliente.<br \/>\nProductos y servicios propuestos<br \/>\nAliviadores de dolor<br \/>\nGeneradores de alegr\u00eda<\/li>\n<li>Priorizaci\u00f3n y detalle. Selecciona lo m\u00e1s importante para enfocarte en ello<\/li>\n<li>Encaja. Selecciona lo mejor que tienes para resolver lo m\u00e1s importante de tu cliente, valioso y rentable.<\/li>\n<\/ul>\n<p>[\/vc_column_text][\/vc_column][vc_column width=\u00bb1\/6&#8243;][\/vc_column][\/vc_row]<\/p>\n<\/section>","protected":false},"excerpt":{"rendered":"<p>[vc_row][vc_column][vc_single_image image=\u00bb2187&#8243; img_size=\u00bbfull\u00bb alignment=\u00bbcenter\u00bb][vc_empty_space height=\u00bb20px\u00bb][vc_custom_heading text=\u00bb Curso &#8211; Taller 3. Construye tu propuesta de valor. Ofrece lo que m\u00e1s valora y m\u00e1s necesita \u00bb font_container=\u00bbtag:h3|text_align:left|color:%23053d57&#8243; google_fonts=\u00bbfont_family:Archivo%20Black%3Aregular|font_style:400%20regular%3A400%3Anormal\u00bb][\/vc_column][\/vc_row][vc_row][vc_column width=\u00bb5\/6&#8243;][vc_column_text]Descripci\u00f3n. Con este curso lograr\u00e1s definir los productos que deseas ofrecer, identificar qu\u00e9 problemas de tus clientes solucionan y con qu\u00e9 elementos incrementar su satisfacci\u00f3n.\u00a0 Priorizar\u00e1s los elementos de [&hellip;]<\/p>\n","protected":false},"author":1,"featured_media":0,"parent":0,"menu_order":0,"comment_status":"closed","ping_status":"closed","template":"","meta":{"footnotes":""},"class_list":["post-2189","page","type-page","status-publish","hentry"],"_links":{"self":[{"href":"https:\/\/jmverav.com\/index.php\/wp-json\/wp\/v2\/pages\/2189","targetHints":{"allow":["GET"]}}],"collection":[{"href":"https:\/\/jmverav.com\/index.php\/wp-json\/wp\/v2\/pages"}],"about":[{"href":"https:\/\/jmverav.com\/index.php\/wp-json\/wp\/v2\/types\/page"}],"author":[{"embeddable":true,"href":"https:\/\/jmverav.com\/index.php\/wp-json\/wp\/v2\/users\/1"}],"replies":[{"embeddable":true,"href":"https:\/\/jmverav.com\/index.php\/wp-json\/wp\/v2\/comments?post=2189"}],"version-history":[{"count":2,"href":"https:\/\/jmverav.com\/index.php\/wp-json\/wp\/v2\/pages\/2189\/revisions"}],"predecessor-version":[{"id":2191,"href":"https:\/\/jmverav.com\/index.php\/wp-json\/wp\/v2\/pages\/2189\/revisions\/2191"}],"wp:attachment":[{"href":"https:\/\/jmverav.com\/index.php\/wp-json\/wp\/v2\/media?parent=2189"}],"curies":[{"name":"wp","href":"https:\/\/api.w.org\/{rel}","templated":true}]}}