{"id":2175,"date":"2023-03-16T18:43:22","date_gmt":"2023-03-16T18:43:22","guid":{"rendered":"https:\/\/jmverav.com\/?page_id=2175"},"modified":"2023-03-16T20:07:17","modified_gmt":"2023-03-16T20:07:17","slug":"curso-1","status":"publish","type":"page","link":"https:\/\/jmverav.com\/index.php\/curso-1\/","title":{"rendered":"CURSO 1"},"content":{"rendered":"<section class=\"wpb-content-wrapper\"><p>[vc_row][vc_column][vc_single_image image=\u00bb2173&#8243; img_size=\u00bbfull\u00bb alignment=\u00bbcenter\u00bb][vc_empty_space height=\u00bb20px\u00bb][vc_custom_heading text=\u00bbCurso-Taller 1.  Encuentra tu porqu\u00e9. El inicio de tu camino al \u00e9xito.\u00bb font_container=\u00bbtag:h3|text_align:left|color:%23053d57&#8243; google_fonts=\u00bbfont_family:Archivo%20Black%3Aregular|font_style:400%20regular%3A400%3Anormal\u00bb][\/vc_column][\/vc_row][vc_row][vc_column width=\u00bb5\/6&#8243;][vc_column_text]<span style=\"color: #053d57;\"><strong>Descripci\u00f3n.<\/strong><\/span> En este curso, basado en la Metodolog\u00eda de Simon Sinek, descubrir\u00e1s los elementos que te permitir\u00e1n triunfar como emprendedor<br \/>\ne identificar\u00e1s las habilidades de tu persona en las que habr\u00e1s de apoyarte para alcanzar el \u00e9xito.<\/p>\n<p><span style=\"color: #053d57;\"><strong><em>S\u00f3lo al encontrar lo que te motiva y tus fortalezas podr\u00e1s iniciar favorablemente un reto empresarial.<\/em><\/strong><\/span>[\/vc_column_text][vc_column_text]<\/p>\n<h5><span style=\"color: #053d57;\"><strong>Temario.<\/strong><\/span><\/h5>\n<ul>\n<li>Circulo dorado<\/li>\n<li>Tus historias de vida. Descubre lo que te motiva y tus fortalezas<\/li>\n<li>Ideas y valores<br \/>\nPorqu\u00e9 preliminar<\/li>\n<li>Triangulo del \u00e9xito. Tu identidad y lo que la sustenta.<br \/>\nPorqu\u00e9 definitivo<br \/>\nC\u00f3mos<br \/>\nQu\u00e9<\/li>\n<\/ul>\n<p>[\/vc_column_text][\/vc_column][vc_column width=\u00bb1\/6&#8243;][\/vc_column][\/vc_row]<\/p>\n<\/section>","protected":false},"excerpt":{"rendered":"<p>[vc_row][vc_column][vc_single_image image=\u00bb2173&#8243; img_size=\u00bbfull\u00bb alignment=\u00bbcenter\u00bb][vc_empty_space height=\u00bb20px\u00bb][vc_custom_heading text=\u00bbCurso-Taller 1. Encuentra tu porqu\u00e9. El inicio de tu camino al \u00e9xito.\u00bb font_container=\u00bbtag:h3|text_align:left|color:%23053d57&#8243; google_fonts=\u00bbfont_family:Archivo%20Black%3Aregular|font_style:400%20regular%3A400%3Anormal\u00bb][\/vc_column][\/vc_row][vc_row][vc_column width=\u00bb5\/6&#8243;][vc_column_text]Descripci\u00f3n. En este curso, basado en la Metodolog\u00eda de Simon Sinek, descubrir\u00e1s los elementos que te permitir\u00e1n triunfar como emprendedor e identificar\u00e1s las habilidades de tu persona en las que habr\u00e1s de apoyarte para alcanzar el [&hellip;]<\/p>\n","protected":false},"author":1,"featured_media":0,"parent":0,"menu_order":0,"comment_status":"closed","ping_status":"closed","template":"","meta":{"footnotes":""},"class_list":["post-2175","page","type-page","status-publish","hentry"],"_links":{"self":[{"href":"https:\/\/jmverav.com\/index.php\/wp-json\/wp\/v2\/pages\/2175","targetHints":{"allow":["GET"]}}],"collection":[{"href":"https:\/\/jmverav.com\/index.php\/wp-json\/wp\/v2\/pages"}],"about":[{"href":"https:\/\/jmverav.com\/index.php\/wp-json\/wp\/v2\/types\/page"}],"author":[{"embeddable":true,"href":"https:\/\/jmverav.com\/index.php\/wp-json\/wp\/v2\/users\/1"}],"replies":[{"embeddable":true,"href":"https:\/\/jmverav.com\/index.php\/wp-json\/wp\/v2\/comments?post=2175"}],"version-history":[{"count":3,"href":"https:\/\/jmverav.com\/index.php\/wp-json\/wp\/v2\/pages\/2175\/revisions"}],"predecessor-version":[{"id":2184,"href":"https:\/\/jmverav.com\/index.php\/wp-json\/wp\/v2\/pages\/2175\/revisions\/2184"}],"wp:attachment":[{"href":"https:\/\/jmverav.com\/index.php\/wp-json\/wp\/v2\/media?parent=2175"}],"curies":[{"name":"wp","href":"https:\/\/api.w.org\/{rel}","templated":true}]}}